-221)/13 + 0 + 2. Let p = a + v. What is the remainder when 67 is divided by p?
16
Let l(b) = 3*b - 3. Let y be l(3). Let h(r) = -r**3 + 3 + r**2 + 10*r**2 - 9 + y*r - 8. What is the remainder when h(11) is divided by 9?
7
Let m = -24 - -36. Let d be 5*-1*(2 + 0). Let a = d + m. Calculate the remainder when 2 is divided by a.
0
Suppose -3*a + 5*v = -67, -a - 9 = -5*v - 38. What is the remainder when 320 is divided by a?
16
Let h be (4 + -27 + -2)*-1. Suppose -2*d + 40 = -g, -d + g = 7 - h. Calculate the remainder when d is divided by 12.
10
Let w = 8 - -1. Let v(a) = -a**3 + 11*a**2 - 13*a + 4. What is the remainder when v(w) is divided by 25?
24
Let l = 326 + -106. Suppose -12*s - 4*o = -13*s - 14, 0 = 3*s - 4*o + 2. Suppose s*g = g + l. Calculate the remainder when g is divided by 9.
8
Suppose -3*z = 3*r - 119 - 34, 2*r = -z + 55. Calculate the remainder when -746*9/(-24) - (-166)/664 is divided by z.
45
Let b = -157 + 241. What is the remainder when b is divided by 36?
12
Suppose -3*v + 22 + 11 = 0. Let g = -6257 - -6276. Calculate the remainder when g is divided by v.
8
Suppose -4*k - 368 = -4*x, 0*x - 304 = -3*x - 4*k. Suppose -12*o - x = -16*o. What is the remainder when o is divided by 9?
6
Let x(r) = -8*r + 171. What is the remainder when x(16) is divided by 17?
9
Let m(w) = 100*w - 1. Let d be m(-2). Let a = -134 - d. Suppose -k - 2*k = -105. What is the remainder when a is divided by k?
32
Suppose 0 = n - 6*n + 5*c + 200, 0 = 2*n + 2*c - 92. Calculate the remainder when 73 is divided by n.
30
Let l(a) = 3*a**2 - 4*a - 3. Let c(u) = u**2 - 8*u - 35. Let b be c(11). What is the remainder when 49 is divided by l(b)?
15
Suppose -r + n + 4 = 0, 4*n - 7 = 5. Suppose 0 = -5*l + 3*l + 26. Calculate the remainder when l is divided by r.
6
Let u = -124 - -188. Let d = -35 - -68. Calculate the remainder when u is divided by d.
31
Let o be (-207)/(-5) + 2/(-5). Let y be (9 + 693/(-45))/((-1)/(-5)). Let f = o + y. Calculate the remainder when 26 is divided by f.
8
Suppose 4*u + 2*a = 270, 72 = u - 8*a + 13*a. What is the remainder when u is divided by 22?
1
Let t = 10 + -6. Suppose -t*g = 8 - 68. Calculate the remainder when g is divided by (-1 + 4)*1/(-3)*-8.
7
Let g(s) = 9*s**2 - 11*s + 36. Calculate the remainder when g(3) is divided by 34.
16
Let q be ((-3)/2)/(6/32). Let l(r) = r**3 + 10*r**2 + 11*r + 3. Let c be l(q). Suppose -5*m + 132 = -c. Calculate the remainder when m is divided by 18.
17
Suppose -4*k = -33 - 7. Let h be (-14)/(-3) + 3/9. Let v(y) = y**3 - 2*y**2 - 6*y - 6. Calculate the remainder when v(h) is divided by k.
9
What is the remainder when 8 is divided by 8906/1098 - 2/18?
0
Let s(d) be the first derivative of d**4/4 - 4*d**3/3 - 7*d**2/2 + 17*d - 20. Calculate the remainder when 13 is divided by s(5).
6
Let l = -1012 - -1138. Suppose 5*v - 160 = -0*v. Calculate the remainder when l is divided by v.
30
Let u(x) = -24*x + 9. Calculate the remainder when u(-6) is divided by 14.
13
Let r = -39 + 43. Suppose r*m = 5*d - 78, 5*m = -2*d + 3*m + 24. Let g = 23 + 16. What is the remainder when g is divided by d?
11
Let t(a) = -4*a**3 + a**2 + 4*a + 3. Suppose -77 = -6*z - 11. What is the remainder when t(-2) is divided by z?
9
Let c = 4 - 3. Suppose -j + 9 = -3*u - 0*j, 0 = -3*u + 5*j + 3. Calculate the remainder when 1/(u + (-26)/(-6)) is divided by c.
0
Calculate the remainder when 127 is divided by 8/20 - 58/(-5).
7
Let l = -255 + 366. Let s(h) = 2*h**2 - 4*h - 14. What is the remainder when l is divided by s(5)?
15
Suppose 57 - 79 = -2*u. Let l = u - -3. What is the remainder when l is divided by 7?
0
Let x be (-2 + 0)/(8/(-12)). Suppose -x*p = -0*p - 75. What is the remainder when 585/p + (-2)/5 is divided by 5?
3
Calculate the remainder when -12*(138/(-4) + -7) + -6 is divided by 16.
12
Let u(w) be the third derivative of 7*w**5/12 - w**4/24 + w**3/6 + 12*w**2. Calculate the remainder when u(1) is divided by 10.
5
Let d(x) = -3*x + 62. What is the remainder when 48 is divided by d(14)?
8
Let n(m) = -m**2 - 6*m - 4. Let o(v) = -v**3 - 4*v**2 + v + 3. Let i be o(-3). Let y = i + 10. What is the remainder when y is divided by n(-5)?
0
Let p(n) = 2*n + 28. What is the remainder when 294 is divided by p(11)?
44
Let w be 4/(8/10) - 2. Suppose 3*u - 5 = 2*l + w, -3*l - 14 = -5*u. Let g(j) = 3*j**3 - 2*j + 1. Calculate the remainder when 40 is divided by g(l).
19
Calculate the remainder when 93 is divided by 20 - ((-75)/50)/(2/(-8)).
9
Let z(s) = -44*s**3 + s**2 - s - 3. Let m be z(3). What is the remainder when (-1)/2 + m/(-10) is divided by 24?
22
Let f(u) be the third derivative of u**4/3 - 11*u**3/6 + 3*u**2. Calculate the remainder when f(9) is divided by (-870)/(-42) + (-2)/(-7).
19
Let m = -6886 - -6920. Calculate the remainder when 100 + -1 + -1 + 1 is divided by m.
31
Let u(v) = 21*v - 39. Calculate the remainder when u(7) is divided by 37.
34
Let m = -58 - -69. Calculate the remainder when 108 is divided by m.
9
Suppose 0 = 10*x - 269 + 29. Let j = x + -6. Calculate the remainder when 35 is divided by j.
17
Suppose 3*a = -3*a + 234. What is the remainder when 193 is divided by a?
37
Suppose 2*o = p + 139, 2*o + 9*p = 4*p + 157. What is the remainder when 156 is divided by o?
14
Let d(s) be the first derivative of -3*s**2 + 19*s - 6. Let k(f) = 5*f - 20. Let c(b) = -2*d(b) - 3*k(b). Calculate the remainder when c(-10) is divided by 14.
10
Suppose 223*u - 60 = 218*u. What is the remainder when 128 is divided by u?
8
Let u(f) = -f + 12. Let j be 133/14 + 9/(-6). Let r be u(j). Suppose -2*g + 3 + 19 = -r*m, -2*g + 3*m = -19. What is the remainder when 24 is divided by g?
4
Suppose -138 - 12 = o - 16*o. Suppose n + 42 = 4*n - 3*w, 4*w + 8 = n. Suppose 0*q = -4*q + n. Calculate the remainder when o is divided by q.
2
Let c(s) = 5*s + 2. Let t be c(3). Suppose 0 = 4*u + 3*a - t, 0*a + 5*a = 15. Calculate the remainder when u is divided by 2.
0
Let g = 61 - 34. Let h = -19 + g. Suppose 0 = 3*d - h - 19. What is the remainder when 15 is divided by d?
6
Calculate the remainder when 12/2 + -1 + 250 is divided by 65.
60
Suppose 3*o - 515 = -a, -3*o + 4*a = -0*o - 535. What is the remainder when o is divided by 11?
8
Let w be 3/12 + (-91)/(-4). Suppose -4*a = 5*k - 392, -a + 5*k + 73 = -0*k. Suppose w + a = 4*m. Calculate the remainder when m is divided by 10.
9
Suppose 3*f + 3*l + 84 = 375, -f + 127 = -5*l. What is the remainder when f is divided by 91?
11
Let m(p) be the second derivative of 3*p**3 + 19*p**2/2 - 6*p. Calculate the remainder when m(5) is divided by 38.
33
Let w = 524 + -99. Calculate the remainder when w is divided by 148.
129
Suppose 4*g - 567 = -143. Suppose 0 = -5*s + y + 320, 4*s - 4*y + g = 6*s. What is the remainder when 123 is divided by s?
60
Let w = -41 - -86. Calculate the remainder when (-171)/(-4) + (w/20)/9 is divided by 15.
13
Suppose 0 = -0*f + 2*f - 18. Suppose -t = k - 44, 0*t - 220 = -5*k + 4*t. Calculate the remainder when k is divided by f.
8
Suppose -4*m - 5*g + 10*g = 12, 3*m - 2 = g. Let d(b) = -3*b**3 + 2*b**2 + 5*b + 4. What is the remainder when d(-1) is divided by m?
0
Suppose 3*w + 0*w = 48. Suppose -w = -5*b + 39. Let f = 65 + -44. Calculate the remainder when f is divided by b.
10
Suppose 0 = -3*o + 2*o - x + 18, 0 = 2*o + x - 34. Let s = 121 + -79. Calculate the remainder when s is divided by o.
10
Let l(b) = 23*b**2 - 8*b - 34. What is the remainder when l(-3) is divided by 33?
32
Let b = 69 + -111. Let z = -34 - b. Calculate the remainder when 14 is divided by z.
6
Suppose 19*n - 264 = -14*n. Let f(x) = -x**2 - 6*x. Let d be f(-5). Suppose -4*z + 17 = d. What is the remainder when n is divided by z?
2
Let o be -24 + 0 + -1 + -2. Let y(z) = 12*z + 5. What is the remainder when y(6) is divided by (o - -3)*-1 - -2?
25
Suppose 5*k - 16 = -3*j + 3, k - 15 = -2*j. Calculate the remainder when 87 is divided by j.
7
Let d(w) = -w**2 + 9*w - 1. Let q(x) = x**2 - 15*x + 33. Let v be q(13). Calculate the remainder when 77 is divided by d(v).
12
Let a(p) = p**3 + 3*p**2 + p + 2. Calculate the remainder when a(4) is divided by 43.
32
Let j = 173 - 143. What is the remainder when 114 is divided by j?
24
Suppose -6 = 2*r - 2*b - 34, -3*b + 6 = r. Let l = 3459 - 3395. What is the remainder when l